{"id":3240,"date":"2014-12-18T15:55:01","date_gmt":"2014-12-18T15:55:01","guid":{"rendered":"http:\/\/manuscriptevidence.org\/wpme\/?page_id=3240"},"modified":"2016-04-27T22:32:40","modified_gmt":"2016-04-27T22:32:40","slug":"chardonnens-2012-congress","status":"publish","type":"page","link":"https:\/\/manuscriptevidence.org\/wpme\/abstracts\/chardonnens-2012-congress\/","title":{"rendered":"Chardonnens (2012 Congress)"},"content":{"rendered":"<h3><strong>L\u00e1szl\u00f3 S\u00e1ndor Chardonnens<\/strong><br \/>\n(<em>English Department, Radboud University, Nijmegen<\/em>)<br \/>\n&#8220;Dream Divination in Manuscripts and Printed Books:\u00a0\u00a0Patterns of Transmission&#8221;<\/h3>\n<p>Abstract of Paper Presented at the 47th International Medieval Congress (Kalamazoo, 2012)<br \/>\nSession on <strong>&#8220;Dream Books&#8221;<\/strong><br \/>\nCo-sponsored by the <strong>Research Group on Manuscript Evidence<\/strong> and the <strong>Societas Magica<br \/>\n<\/strong>Organized by<strong> L\u00e1szl\u00f3 S\u00e1ndor Chardonnens<br \/>\n<a href=\"http:\/\/www.manuscriptevidence.org\/wpme\/2012-international-congress-on-medieval-studies\/\" target=\"_blank\"><strong>2012 Congress<\/strong><\/a><\/strong><\/p>\n<p>[<em>Published on our first website on 21 My 2012<\/em>]<\/p>\n<p>This paper identifies and interprets the textual collocation and material contextual setting of dream divination in the late Middle Ages and early Modernity, so as to shed light on the differences between dream divination in manuscripts and printed books.<\/p>\n<p>Medieval western dream divination takes three forms.\u00a0\u00a0In order of frequency, the first form is the alphabetical dream book, commonly ascribed to the Old Testament Prophet Daniel, with c. 250 text witnesses.\u00a0\u00a0Alphabetical dream books provide a list of dream images and their interpretations.\u00a0\u00a0The second form is the dream lunary, with c. 210 text witnesses identified so far.\u00a0\u00a0Dream lunaries predict if, how and when a dream will come true, based on which one of the thirty days of the moon the dream took place.\u00a0\u00a0The third form of dream divination is the mantic alphabet, commonly ascribed to the Patriarch Joseph, with c. 85 witnesses.\u00a0\u00a0Mantic alphabets require the user to consult a book at random, usually a Psalter, to obtain a letter of the alphabet.\u00a0\u00a0This letter, looked up in the alphabet key provided, predicts the future.<\/p>\n<p>Alphabetical dream books prove the most popular research object for modern scholars, to such an extent that dream lunaries remain largely unstudied, while mantic alphabets are virtually unknown.\u00a0\u00a0This scholarly bias obscures the fact that the three forms of dream divination are not isolated phenomena in their host books.\u00a0\u00a0Rather, dream books, lunaries and alphabets occur in various mantic, medical and scientific contexts.\u00a0\u00a0What is more, the forms of dream divination are sometimes collocated, or occur in the same books.<\/p>\n<p>My paper studies the significance of these collocations and contexts, since they are probably not random but planned by medieval scribes and early printers, and are therefore meaningful.\u00a0\u00a0For example, the three forms of dream divination are collocated much more closely in printed books than in manuscripts, indicating that the underlying unity of the forms of divination was more pronounced for printers, who initially published slim volumes of alphabetical dream books sometimes preceded by lunaries or followed by mantic alphabets, under the title <em>Somnia Danielis<\/em> or <em>Somnia Danielis &amp; Ioseph<\/em>.\u00a0\u00a0In manuscripts, in contrast, dream divination is usually embedded into a larger context that varies from highly miscellaneous textual collections that only have a single alphabetical dream book, to contexts that specialise in (astrological) medicine or the mantic arts, sometimes containing more than one dream book, lunary or alphabet.\u00a0\u00a0The patterns of transmission in manuscript and print are the focus of this paper.<\/p>\n<p>*****<\/p>\n<p>*****<\/p>\n<p><em>Website Editor&#8217;s Note<\/em>:<\/p>\n<p>The other Abstracts of Papers presented by Dr. Chardonnens for our sponsored and co-sponsored Sessions at the Congress are posted here:<br \/>\n<a href=http:\/\/www.manuscriptevidence.org\/wpme\/abstracts\/chardonnens-2016-congress\" target=\"_blank\">Chardonnens (2016 Congress)<\/strong><\/a><br \/>\n<a href=\"http:\/\/www.manuscriptevidence.org\/wpme\/abstracts\/chardonnens-2015-congress\/\" target=\"_blank\"><strong>Chardonnens (2015 Congress)<\/strong><\/a>.<br \/>\n<a href=\"http:\/\/www.manuscriptevidence.org\/wpme\/abstracts\/chardonnens-2013-congress\/\" target=\"_blank\"><strong>Chardonnens (2013 Congress)<\/strong><\/a>.<\/p>\n<p>We thank him for his expert and enthusiastic contributions to our sponsored or co-sponsored Sessions.<\/p>\n<p>*****<\/p>\n<p><em>Website Editor&#8217;s Note<\/em>: The other Abstracts of Papers presented by Dr. Chardonnens for our sponsored or co-sponsored Sessions at the Congress are posted here:<br \/>\n<a href=\"http:\/\/www.manuscriptevidence.org\/abstracts\/chardonnens-2013-congress\/\"><strong>Chardonnens (2013 Congress)<\/strong><\/a><br \/>\n<a href=\"http:\/\/www.manuscriptevidence.org\/abstracts\/chardonnens-2015-congress\/\"><strong>Chardonnens (2015 Congress)<\/strong><\/a>.<\/p>\n<p>We thank Dr. Chardonnens for his continuing, instructive contributions to our sponsored and co-sponsored Sessions.<\/p>\n<p>*****<\/p>\n","protected":false},"excerpt":{"rendered":"<p>L\u00e1szl\u00f3 S\u00e1ndor Chardonnens (English Department, Radboud University, Nijmegen) &#8220;Dream Divination in Manuscripts and Printed Books:\u00a0\u00a0Patterns of Transmission&#8221; Abstract of Paper Presented at the 47th International Medieval Congress (Kalamazoo, 2012) Session on &#8220;Dream Books&#8221; Co-sponsored by the Research Group on Manuscript Evidence and the Societas Magica Organized by L\u00e1szl\u00f3 S\u00e1ndor Chardonnens 2012 Congress [Published on our [&hellip;]<\/p>\n","protected":false},"author":2,"featured_media":0,"parent":1023,"menu_order":0,"comment_status":"closed","ping_status":"open","template":"","meta":{"_monsterinsights_skip_tracking":false,"_monsterinsights_sitenote_active":false,"_monsterinsights_sitenote_note":"","_monsterinsights_sitenote_category":0},"_links":{"self":[{"href":"https:\/\/manuscriptevidence.org\/wpme\/wp-json\/wp\/v2\/pages\/3240"}],"collection":[{"href":"https:\/\/manuscriptevidence.org\/wpme\/wp-json\/wp\/v2\/pages"}],"about":[{"href":"https:\/\/manuscriptevidence.org\/wpme\/wp-json\/wp\/v2\/types\/page"}],"author":[{"embeddable":true,"href":"https:\/\/manuscriptevidence.org\/wpme\/wp-json\/wp\/v2\/users\/2"}],"replies":[{"embeddable":true,"href":"https:\/\/manuscriptevidence.org\/wpme\/wp-json\/wp\/v2\/comments?post=3240"}],"version-history":[{"count":6,"href":"https:\/\/manuscriptevidence.org\/wpme\/wp-json\/wp\/v2\/pages\/3240\/revisions"}],"predecessor-version":[{"id":6981,"href":"https:\/\/manuscriptevidence.org\/wpme\/wp-json\/wp\/v2\/pages\/3240\/revisions\/6981"}],"up":[{"embeddable":true,"href":"https:\/\/manuscriptevidence.org\/wpme\/wp-json\/wp\/v2\/pages\/1023"}],"wp:attachment":[{"href":"https:\/\/manuscriptevidence.org\/wpme\/wp-json\/wp\/v2\/media?parent=3240"}],"curies":[{"name":"wp","href":"https:\/\/api.w.org\/{rel}","templated":true}]}}